{"id":2,"date":"2018-02-08T16:06:15","date_gmt":"2018-02-08T15:06:15","guid":{"rendered":"https:\/\/www.idpoisson.fr\/batakis\/?page_id=2"},"modified":"2025-01-29T11:00:01","modified_gmt":"2025-01-29T10:00:01","slug":"accueil","status":"publish","type":"page","link":"https:\/\/www.idpoisson.fr\/batakis","title":{"rendered":"Page web de Athanasios Batakis"},"content":{"rendered":"\n<figure class=\"wp-block-image\"><img loading=\"lazy\" decoding=\"async\" width=\"200\" height=\"300\" src=\"https:\/\/www.idpoisson.fr\/batakis\/wp-content\/uploads\/sites\/26\/2018\/06\/Nassos-200x300.jpg\" alt=\"\" class=\"wp-image-61\" srcset=\"https:\/\/www.idpoisson.fr\/batakis\/wp-content\/uploads\/sites\/26\/2018\/06\/Nassos-200x300.jpg 200w, https:\/\/www.idpoisson.fr\/batakis\/wp-content\/uploads\/sites\/26\/2018\/06\/Nassos.jpg 630w\" sizes=\"auto, (max-width: 200px) 100vw, 200px\" \/><\/figure>\n\n\n\n<p class=\"has-small-font-size\">Sections CNU 25 et 26<\/p>\n\n\n\n<p class=\"has-medium-font-size\"><span style=\"color: #003366\"><em><strong>T<\/strong>h\u00e8mes de recherche<\/em><\/span><\/p>\n\n\n\n<p class=\"has-medium-font-size\">Th\u00e9orie du potentiel<br>Processus de croissance, croissance des villes<br>Mesure harmonique des ensembles fractals<br>Formalisme thermodynamique<br>Analyse multifractale des mesures<br>Transport intermittent<br>Diffusion en milieu poreux<\/p>\n\n\n\n<p class=\"has-medium-font-size\"><a href=\"https:\/\/www.idpoisson.fr\">Institut Denis Poisson<\/a> CNRS UMR 7013<br><a href=\"http:\/\/www.univ-orleans.fr\/sciences-techniques\/maths\">D\u00e9partement de math\u00e9matiques<\/a> de l&rsquo;<a href=\"http:\/\/www.univ-orleans.fr\">Universit\u00e9 d&rsquo;Orl\u00e9ans<\/a><br>\u00c9quipes de recherche : <a href=\"\/\/www.idpoisson.fr\/equipe-danalyse-et-geometrie\/\">Analyse et G\u00e9om\u00e9trie<\/a> et <a href=\"\/\/www.idpoisson.fr\/equipe-probabilite-algebre-combinatoire-theorie-ergodique-statistique\/\">Probabilit\u00e9s, Alg\u00e8bre, Combinatoire, Th\u00e9orie Ergodique, Statistique<\/a><\/p>\n\n\n\n<p class=\"has-medium-font-size\"><span style=\"color: #003366\"><strong><em>C<\/em><\/strong><em>ontact<\/em><\/span><\/p>\n\n\n\n<p class=\"has-medium-font-size\">Bureau : E7<br>T\u00e9l\u00e9phone : (33)-2-38494890<br>Email : athanasios.batakis@univ-orleans.fr<\/p>\n\n\n\n<p class=\"has-medium-font-size\"><span style=\"color: #003366\"><em><strong>A<\/strong>dresse postale<\/em><\/span><\/p>\n\n\n\n<p class=\"has-medium-font-size\">Institut Denis Poisson<br>Universit\u00e9 d&rsquo;Orl\u00e9ans<br>BP 6759<br>45067 Orl\u00e9ans cedex 2<br>France<\/p>\n\n\n<div class=\"wp-block-image\">\n<figure class=\"aligncenter\"><img loading=\"lazy\" decoding=\"async\" width=\"400\" height=\"173\" src=\"https:\/\/www.idpoisson.fr\/batakis\/wp-content\/uploads\/sites\/26\/2018\/06\/space1-e1527863134104.jpg\" alt=\"\" class=\"wp-image-83\" \/><\/figure>\n<\/div>\n\n\n<p class=\"has-text-align-center has-medium-font-size\">[<a href=\"#publis\">Publications <\/a>|  <a href=\"#teach\">Enseignement <\/a> | <a href=\"#livres\" data-type=\"internal\" data-id=\"#livres\">Manuscrits<\/a>]<\/p>\n\n\n\n<p class=\"has-text-align-center has-medium-font-size\" id=\"publis\"><span style=\"color: #003366\"><em><strong>Publications et pr\u00e9publications<\/strong><\/em><\/span><\/p>\n\n\n\n<div class=\"wp-block-group has-medium-font-size\"><div class=\"wp-block-group__inner-container is-layout-constrained wp-block-group-is-layout-constrained\">\n<div class=\"wp-block-group alignwide is-vertical is-nowrap is-layout-flex wp-container-core-group-is-layout-947ac36b wp-block-group-is-layout-flex\">\n<div class=\"wp-block-group\"><div class=\"wp-block-group__inner-container is-layout-constrained wp-block-group-is-layout-constrained\">\n<ul class=\"wp-block-list\">\n<li>Athanasios Batakis &#038; Guillaume Havard : <a href=\"https:\/\/arxiv.org\/abs\/2409.08019\">Dimensions of harmonic measures on non-autonomous Cantor sets, Arxiv.org, 2024<\/a><\/li>\n\n\n\n<li>Athanasios Batakis &#038; co-authors : <a href=\"https:\/\/www.sciencedirect.com\/science\/article\/abs\/pii\/S0021999124005448\">A percolation model for numerical simulations of 2D non-gravity impregnation in porous media, Journal of Computational Physics, Volume 518, December 2024, Doi:10.1016\/j.jcp.2024.113296<\/a><\/li>\n\n\n\n<li>A. Batakis, P.&nbsp; Debs &#038; D. Le Peutrec : <a href=\"https:\/\/arxiv.org\/abs\/2112.08042\">The power of the Crowd, Arxiv.org<\/a>, <a href=\"https:\/\/www.aimsciences.org\/article\/doi\/10.3934\/dcds.2022138\">Discrete and Continuous Dynamical Systems, 2022, 42(12): 6063-6096<\/a><\/li>\n\n\n\n<li>A. Batakis, N. Nguyen &#038; M. Zinsmeister : <a href=\"https:\/\/arxiv.org\/abs\/2202.01894\">A new Model of City Growth and its Application to a middle sized French City, Arxiv.org, (2023)<\/a> , Fractals and Related Fields (2025)<\/li>\n\n\n\n<li>A. Batakis &#038; co-authors : <a href=\"https:\/\/www.sciencedirect.com\/science\/article\/abs\/pii\/S0045782518305310?via%3Dihub\">Numerical simulation of impregnation in porous media by self-organized gradient percolation method,  Computer Methods in Applied Mechanics and Engineering Journal,&nbsp; vol. 344, (Feb. 2019), pp. 711\u2013733<\/a><\/li>\n\n\n\n<li>A. Batakis &#038; co-authors : <a href=\"https:\/\/www.sciencedirect.com\/science\/article\/abs\/pii\/S037673881631047X?via%3Dihub\">Surface exchange model for ITM membrane in transient stage, Journal of Membrane Science: 523&nbsp; (February 2017),&nbsp;614-622<\/a><\/li>\n\n\n\n<li>A. Batakis &#038; A. Zdunik :<span style=\"font-family: inherit;font-size: inherit\">&nbsp;<\/span><a style=\"font-family: inherit;font-size: inherit\" href=\"http:\/\/arxiv.org\/abs\/1303.4373\">Hausdorff and harmonic measures on non-homogeneous Cantor sets,&nbsp;arxiv:1303.4373 et&nbsp;Ann. Acad. Sc. Fenn. : Vol. 40 (2016), 279-303&nbsp;<\/a><\/li>\n\n\n\n<li><span style=\"font-size: revert\">A. Batakis  : <\/span><span style=\"font-size: inherit;font-family: inherit\">&nbsp;<\/span><a href=\"https:\/\/www.idpoisson.fr\/batakis\/wp-content\/uploads\/sites\/26\/2023\/11\/ArticleB11.pdf\" data-type=\"attachment\" data-id=\"362\">Invariant measures for intermittent transport <\/a><\/li>\n\n\n\n<li><span style=\"font-size: revert\">A. Batakis &#038; H. Nguyen&nbsp;<\/span><span lang=\"EN-GB\" style=\"font-size: inherit;font-family: inherit\">&nbsp;:&nbsp;<a href=\"http:\/\/arxiv.org\/abs\/1007.1373\">On the exit distribution of partially reflected Brownian motion in planar domains,&nbsp;Potential Analysis, 2012 &#038; arXiv:1007.1373.<\/a><\/span> <\/li>\n\n\n\n<li><span style=\"font-size: revert\">A. Batakis &#038; M. Zinsmeister&nbsp;<\/span><span lang=\"EN-GB\" style=\"font-size: inherit;font-family: inherit\">&nbsp;:&nbsp;<a href=\"http:\/\/arxiv.org\/abs\/0906.4537\">On the time schedule of Brownian Flights,&nbsp;arXiv:0906.4537.<\/a><\/span> <\/li>\n\n\n\n<li><span style=\"font-size: revert\">A. Batakis, P. Levitz &#038; M. Zinsmeister&nbsp;<\/span><span lang=\"EN-GB\" style=\"font-size: inherit;font-family: inherit\">&nbsp;:&nbsp;<a href=\"http:\/\/www.intlpress.com\/JPAMQ\/2011-index\/PAMQ-vol-7-1.php#PAMQ-7-1\">Brownian Flights,&nbsp;Pure and Applied Mathematics Quaterly : Volume 7, no 1 (2011), pg 87-105.<\/a><\/span> <\/li>\n\n\n\n<li><span style=\"font-size: revert\">A. Batakis &#038; B. Testud&nbsp;<\/span><span lang=\"EN-GB\" style=\"font-size: inherit;font-family: inherit\">&nbsp;:&nbsp;<a href=\"http:\/\/arxiv.org\/abs\/0704.3937\">Multifractal formalism of inhomogeneous Bernoulli products,&nbsp;Journal of Statistical Physics: Volume 142, Issue 5 (2011), pg 1105<\/a><\/span> <\/li>\n\n\n\n<li><span style=\"font-size: revert\">A. Batakis<\/span><span lang=\"EN-GB\" style=\"font-size: inherit;font-family: inherit\">&nbsp;:&nbsp;<a href=\"http:\/\/www.univ-orleans.fr\/mapmo\/membres\/batakis\/article4.pdf\">Entropy and Hausdorff dimension of measures defined through a Markov process,&nbsp;Colloquium Mathematicum 104 (2006), 193-206&nbsp;.<\/a><\/span> <\/li>\n\n\n\n<li><span style=\"font-size: revert\">A. Batakis :&nbsp;<\/span><a style=\"font-size: inherit;font-family: inherit\" href=\"http:\/\/www.univ-orleans.fr\/mapmo\/membres\/batakis\/article5.pdf\">&nbsp;Continuity of the dimension of the harmonic measure of some Cantor sets under perturbations,&nbsp;Annales de l&rsquo;institut Fourier, 56 no. 6 (2006), p. 1617-1631.<\/a> <\/li>\n\n\n\n<li><span style=\"font-size: revert\">A. Batakis&nbsp; &#038; Y. Heurteaux : &nbsp;<\/span><span lang=\"EN-GB\" style=\"font-size: inherit;font-family: inherit\"><a href=\"http:\/\/www.math.u-psud.fr\/~biblio\/pub\/1998\/abs\/ppo1998_49.html\">On relations between entropy and Hausdorff dimension of measures ,&nbsp;Asian Journal of Mathematics, Vol.6,&nbsp;&nbsp;3 (2002), 399-408<\/a>&nbsp;&nbsp;<\/span> <\/li>\n\n\n\n<li><span style=\"font-size: revert\">A. Batakis :&nbsp;<\/span><span lang=\"EN-GB\" style=\"font-size: inherit;font-family: inherit\"><a href=\"http:\/\/www.univ-orleans.fr\/mapmo\/membres\/batakis\/article2.ps\">&nbsp;A continuity property of the dimension of harmonic measure of Cantor sets under perturbations, Annales IHP, Probabilit\u00e9s et Statistiques 36,1 (2000) 87-107<\/a><\/span> <\/li>\n\n\n\n<li><span style=\"font-size: revert\">A. Batakis :<\/span><span lang=\"EN-GB\" style=\"font-size: inherit;font-family: inherit\"><a href=\"http:\/\/www.math.ethz.ch\/EMIS\/journals\/AASF\/Vol21\/batakis.html\">Harmonic measure of some Cantor-type sets,&nbsp;&nbsp; Ann.&nbsp;<span lang=\"NL\">Acad. Sc.&nbsp;Fenn. , Vol. 21,&nbsp; 1996<\/span><\/a><\/span> <\/li>\n<\/ul>\n<\/div><\/div>\n<\/div>\n<\/div><\/div>\n\n\n\n<p class=\"has-text-align-center has-medium-font-size\" id=\"teach\"><a id=\"ens\"><\/a><span style=\"color: #003366\"><em><b>Enseignement-Documents<\/b><\/em><\/span><\/p>\n\n\n\n<p class=\"has-text-align-left has-medium-font-size\"><a href=\"https:\/\/celene.univ-orleans.fr\/course\/view.php?id=3758\">\u00ab\u00a0Mesures et Int\u00e9gration\u00a0\u00bb (L3 semestre 1)<\/a><br><a href=\"https:\/\/celene.univ-orleans.fr\/course\/view.php?id=5226\">\u00ab\u00a0Probabilit\u00e9s\u00a0\u00bb (L3 semestre 2)<\/a><\/p>\n\n\n\n<p class=\"has-text-align-center has-medium-font-size\" id=\"livres\"><strong><em>Manuscrits<\/em><\/strong><\/p>\n\n\n\n<p class=\"has-medium-font-size\"><a href=\"https:\/\/www.idpoisson.fr\/batakis\/accueil\/livre-de-theorie-spectrale\/\">Th\u00e9orie_Spectrale<\/a><br><a href=\"https:\/\/www.idpoisson.fr\/batakis\/wp-content\/uploads\/sites\/26\/2023\/11\/Memoire.pdf\">HDR<\/a><br><a href=\"https:\/\/www.idpoisson.fr\/batakis\/wp-content\/uploads\/sites\/26\/2023\/11\/TheseNassos.pdf\">These<\/a><\/p>\n","protected":false},"excerpt":{"rendered":"<p>Sections CNU 25 et 26 Th\u00e8mes de recherche Th\u00e9orie du potentielProcessus de croissance, croissance des villesMesure harmonique des ensembles fractalsFormalisme &hellip; <a href=\"https:\/\/www.idpoisson.fr\/batakis\/\" class=\"more-link\">Plus <span class=\"screen-reader-text\">Page web de Athanasios Batakis<\/span> <span class=\"meta-nav\">&rarr;<\/span><\/a><\/p>\n","protected":false},"author":39,"featured_media":0,"parent":0,"menu_order":0,"comment_status":"closed","ping_status":"closed","template":"","meta":{"footnotes":""},"folder":[],"class_list":["post-2","page","type-page","status-publish","hentry"],"_links":{"self":[{"href":"https:\/\/www.idpoisson.fr\/batakis\/wp-json\/wp\/v2\/pages\/2","targetHints":{"allow":["GET"]}}],"collection":[{"href":"https:\/\/www.idpoisson.fr\/batakis\/wp-json\/wp\/v2\/pages"}],"about":[{"href":"https:\/\/www.idpoisson.fr\/batakis\/wp-json\/wp\/v2\/types\/page"}],"author":[{"embeddable":true,"href":"https:\/\/www.idpoisson.fr\/batakis\/wp-json\/wp\/v2\/users\/39"}],"replies":[{"embeddable":true,"href":"https:\/\/www.idpoisson.fr\/batakis\/wp-json\/wp\/v2\/comments?post=2"}],"version-history":[{"count":78,"href":"https:\/\/www.idpoisson.fr\/batakis\/wp-json\/wp\/v2\/pages\/2\/revisions"}],"predecessor-version":[{"id":439,"href":"https:\/\/www.idpoisson.fr\/batakis\/wp-json\/wp\/v2\/pages\/2\/revisions\/439"}],"wp:attachment":[{"href":"https:\/\/www.idpoisson.fr\/batakis\/wp-json\/wp\/v2\/media?parent=2"}],"wp:term":[{"taxonomy":"folder","embeddable":true,"href":"https:\/\/www.idpoisson.fr\/batakis\/wp-json\/wp\/v2\/folder?post=2"}],"curies":[{"name":"wp","href":"https:\/\/api.w.org\/{rel}","templated":true}]}}