{"id":2,"date":"2018-02-08T16:06:15","date_gmt":"2018-02-08T15:06:15","guid":{"rendered":"https:\/\/www.idpoisson.fr\/gicquaud\/?page_id=2"},"modified":"2024-08-28T20:15:33","modified_gmt":"2024-08-28T18:15:33","slug":"accueil","status":"publish","type":"page","link":"https:\/\/www.idpoisson.fr\/gicquaud","title":{"rendered":"Accueil"},"content":{"rendered":"<hr \/>\n<p style=\"text-align: center\">[<a href=\"#publis\">Publications<\/a> | <a href=\"#ens\">Enseignement<\/a> | <a href=\"#conseils\">Conseils pour d\u00e9buter<\/a>]<\/p>\n<hr \/>\n<p>Ma\u00eetre de conf\u00e9rences<br \/>\n<a href=\"https:\/\/www.idpoisson.fr\">Institut Denis Poisson<\/a> CNRS UMR 7013<br \/>\n<a href=\"http:\/\/www.math.univ-tours.fr\/\">D\u00e9partement de math\u00e9matiques<\/a> de l&rsquo;<a href=\"http:\/\/www.univ-tours.fr\">Universit\u00e9 de Tours<\/a><br \/>\n\u00c9quipe de recherche : Analyse et G\u00e9om\u00e9trie<\/p>\n<p><strong>Contact :<\/strong><br \/>\nBureau : E2-2260<br \/>\nT\u00e9l\u00e9phone : (33)-2-47-36-71-55<br \/>\nEmail : romain.gicquaud[at]idpoisson.fr<br \/>\n<strong>Adresse postale :<\/strong><br \/>\nInstitut Denis Poisson<br \/>\nUniversit\u00e9 de Tours<br \/>\nParc de Grandmont<br \/>\n37200 Tours, France<\/p>\n<hr \/>\n<h3 id=\"publis\">Publications :<\/h3>\n<ol>\n<li>R. Gicquaud, <em>De l&rsquo;\u00e9quation de prescription de courbure scalaire aux \u00e9quations de <\/em><em>contrainte en relativit\u00e9 g\u00e9n\u00e9rale sur une vari\u00e9t\u00e9 asymptotiquement hyperbolique<\/em>, J. Math. Pures Appl. (9) 94, No. 2, 200-227 (2010), <a href=\"https:\/\/arxiv.org\/abs\/0802.3279\">arXiv<\/a>.<\/li>\n<li>R. Gicquaud, <em>Linearization stability of the Einstein constraint equations on an <\/em><em>asymptotically hyperbolic manifold<\/em>, J. Math. Phys. 51, No. 7, 072501, 14 p. (2010), <a href=\"https:\/\/arxiv.org\/abs\/0908.0854\">arXiv<\/a>.<\/li>\n<li>E. Bahuaud, R. Gicquaud, <em>Conformal compactication of asymptotically locally <\/em><em>hyperbolic metrics<\/em>, J. Geom. Anal. 21, No. 4, 1085-1118 (2011), <a href=\"https:\/\/arxiv.org\/abs\/0811.4184\">arXiv<\/a>.<\/li>\n<li>M. Dahl, R. Gicquaud, E. Humbert, <em>A limit equation associated to the solvability <\/em><em>of the vacuum Einstein constraint equations by using the conformal method<\/em>, Duke Math. J. 161, No. 14, 2669-2697 (2012), <a href=\"https:\/\/arxiv.org\/abs\/1012.2188\">arXiv<\/a>.<\/li>\n<li>R. Gicquaud, A. Sakovich, <em>A large class of non-constant mean curvature solutions of the Einstein constraint equations on an asymptotically hyperbolic manifold<\/em>, Commun. Math. Phys. 310, No. 3, 705-763 (2012), <a href=\"https:\/\/arxiv.org\/abs\/1012.2246\">arXiv<\/a>.<\/li>\n<li>M. Dahl, R. Gicquaud, E. Humbert, <em>A non-existence result for a generalization <\/em><em>of the equations of the conformal method in general relativity<\/em>, Classical Quantum Gravity 30, No. 7, Article ID 075004, 8 p. (2013), <a href=\"https:\/\/arxiv.org\/abs\/1207.5131\">arXiv<\/a>.<\/li>\n<li>M. Dahl, R. Gicquaud, A. Sakovich, <em>Penrose type inequalities for asymptotically hyperbolic graphs<\/em>, Ann. Henri Poincar\u00e9 14, No. 5, 1135-1168 (2013), <a href=\"https:\/\/arxiv.org\/abs\/1201.3321\">arXiv<\/a>.<\/li>\n<li>R. Gicquaud, <em>Conformal compactication of asymptotically locally hyperbolic metrics. II : Weakly ALH metrics<\/em>, Commun. Partial Dier. Equations 38, No. 7-9, 1313-1367 (2013), <a href=\"https:\/\/arxiv.org\/abs\/1109.5096\">arXiv<\/a>.<\/li>\n<li>R. Gicquaud, D. Ji, Y. Shi, <em>On the asymptotic behavior of Einstein manifolds with an integral bound on the Weyl curvature<\/em>, Commun. Anal. Geom. 21, No. 5, 1081-1113 (2013), <a href=\"https:\/\/arxiv.org\/abs\/1210.1005\">arXiv<\/a>.<\/li>\n<li>M. Dahl, R. Gicquaud, A. Sakovich, <em>Asymptotically hyperbolic manifolds with small mass<\/em>, Commun. Math. Phys. 325, No. 2, 757-801 (2014), <a href=\"https:\/\/arxiv.org\/abs\/1209.0154\"><em>arXiv<\/em><\/a>.<\/li>\n<li>R. Gicquaud, Q. A. Ng\u00f4, <em>A new point of view on the solutions to the Einstein constraint equations with arbitrary mean curvature and small TT-tensor<\/em>, Classical Quantum Gravity 31, No. 19, Article ID 195014, 20 p. (2014), <a href=\"https:\/\/arxiv.org\/abs\/1403.5655\">arXiv<\/a>.<\/li>\n<li>R. Gicquaud, T. C. Nguyen, <em>Solutions to the Einstein-scalar eld constraint equations with a small TT-tensor<\/em>, Calc. Var. Partial Dier. Equ. 55, No. 2, Paper No. 29, 23 p. (2016), <a href=\"https:\/\/arxiv.org\/abs\/1502.05164\">arXiv<\/a>.<\/li>\n<li>R. Gicquaud, C. Huneau, <em>Limit equation for vacuum Einstein constraints with <\/em><em>a translational Killing vector eld in the compact hyperbolic case<\/em>, J. Geom. Phys. 107, 175-186 (2016), <a href=\"https:\/\/arxiv.org\/abs\/1409.3477\">arXiv<\/a>.<\/li>\n<li>P. T. Chrusciel, R. Gicquaud, <em>Bifurcating solutions of the Lichnerowicz equation<\/em>, Ann. Henri Poincar\u00e9 18, No. 2, 643-679 (2017), <a href=\"https:\/\/arxiv.org\/abs\/1506.00101\">arXiv<\/a>.<\/li>\n<li>R. Gicquaud, <em>Solutions to the Einstein constraint equations with a small TT-tensor and vanishing Yamabe invariant<\/em>, Ann. Henri Poincar\u00e9 22, No. 7, 2407-2435 (2021), <a href=\"https:\/\/arxiv.org\/abs\/1802.05080\">arXiv<\/a>.<\/li>\n<li>R. Gicquaud, <em>Existence of solutions to the Lichnerowicz equation : a new proof<\/em>, J. Math. Phys. 63, No. 2, Article ID 022501, 12 p. (2022), <a href=\"https:\/\/arxiv.org\/abs\/1911.06381\">arXiv<\/a>.<\/li>\n<li>R. Gicquaud, Prescribed non positive scalar curvature on asymptotically hyperbolic manifolds with application to the Lichnerowicz equation, accept\u00e9 pour publication \u00e0 Commun. Anal. Geom, <a href=\"https:\/\/arxiv.org\/abs\/1909.05343\">arXiv<\/a>.<\/li>\n<\/ol>\n<h3 id=\"publis\">Pr\u00e9publications :<\/h3>\n<ol>\n<li>J. Cortier, M. Dahl, R. Gicquaud, <em>Mass-like invariants for asymptotically hyperbolic metrics<\/em> (98 pages), <a href=\"https:\/\/arxiv.org\/abs\/1603.07952\">arXiv<\/a>.<\/li>\n<li>R. Gicquaud, <em>What Uniqueness for the Holst-Nagy-Tsogtgerel&#8211;Maxwell Solutions to the Einstein Conformal Constraint Equations? <\/em>(21 pages), <a href=\"https:\/\/arxiv.org\/abs\/2401.07225\">arXiv<\/a>.<\/li>\n<\/ol>\n<h3>Th\u00e8ses :<\/h3>\n<ul>\n<li>Th\u00e8se de doctorat : \u00c9tude de quelques probl\u00e8mes d&rsquo;analyse et de g\u00e9om\u00e9trie sur les vari\u00e9t\u00e9s asymptotiquement hyperboliques, soutenue le 10 juillet 2009 \u00e0 l&rsquo;Universit\u00e9 Montpellier 2 sous la direction d&rsquo;<a href=\"https:\/\/erwanndelay.wordpress.com\/\">Erwann Delay<\/a>, [<a href=\"https:\/\/www.idpoisson.fr\/gicquaud\/wp-content\/uploads\/sites\/58\/2024\/07\/These.pdf\">pdf<\/a>]<\/li>\n<li>Habilitation \u00e0 diriger les recherches :\u00a0Autour des donn\u00e9es initiales pour le probl\u00e8me de Cauchy en relativit\u00e9 g\u00e9n\u00e9rale, soutenue le 6 novembre 2019, [<a href=\"https:\/\/www.idpoisson.fr\/gicquaud\/wp-content\/uploads\/sites\/58\/2024\/07\/hdr.pdf\">pdf<\/a>]<\/li>\n<\/ul>\n<hr \/>\n<h3 id=\"ens\">Enseignements<\/h3>\n<ul>\n<li><strong>Mes plus beaux d\u00e9veloppements limit\u00e9s <\/strong><\/li>\n<\/ul>\n","protected":false},"excerpt":{"rendered":"<p>[Publications | Enseignement | Conseils pour d\u00e9buter] Ma\u00eetre de conf\u00e9rences Institut Denis Poisson CNRS UMR 7013 D\u00e9partement de math\u00e9matiques de &hellip; <a href=\"https:\/\/www.idpoisson.fr\/gicquaud\/\" class=\"more-link\">Plus <span class=\"screen-reader-text\">Accueil<\/span> <span class=\"meta-nav\">&rarr;<\/span><\/a><\/p>\n","protected":false},"author":49,"featured_media":0,"parent":0,"menu_order":0,"comment_status":"closed","ping_status":"open","template":"","meta":{"footnotes":""},"folder":[],"class_list":["post-2","page","type-page","status-publish","hentry"],"_links":{"self":[{"href":"https:\/\/www.idpoisson.fr\/gicquaud\/wp-json\/wp\/v2\/pages\/2","targetHints":{"allow":["GET"]}}],"collection":[{"href":"https:\/\/www.idpoisson.fr\/gicquaud\/wp-json\/wp\/v2\/pages"}],"about":[{"href":"https:\/\/www.idpoisson.fr\/gicquaud\/wp-json\/wp\/v2\/types\/page"}],"author":[{"embeddable":true,"href":"https:\/\/www.idpoisson.fr\/gicquaud\/wp-json\/wp\/v2\/users\/49"}],"replies":[{"embeddable":true,"href":"https:\/\/www.idpoisson.fr\/gicquaud\/wp-json\/wp\/v2\/comments?post=2"}],"version-history":[{"count":21,"href":"https:\/\/www.idpoisson.fr\/gicquaud\/wp-json\/wp\/v2\/pages\/2\/revisions"}],"predecessor-version":[{"id":47,"href":"https:\/\/www.idpoisson.fr\/gicquaud\/wp-json\/wp\/v2\/pages\/2\/revisions\/47"}],"wp:attachment":[{"href":"https:\/\/www.idpoisson.fr\/gicquaud\/wp-json\/wp\/v2\/media?parent=2"}],"wp:term":[{"taxonomy":"folder","embeddable":true,"href":"https:\/\/www.idpoisson.fr\/gicquaud\/wp-json\/wp\/v2\/folder?post=2"}],"curies":[{"name":"wp","href":"https:\/\/api.w.org\/{rel}","templated":true}]}}