{"id":2,"date":"2018-02-08T16:06:15","date_gmt":"2018-02-08T15:06:15","guid":{"rendered":"https:\/\/www.idpoisson.fr\/ligonniere\/?page_id=2"},"modified":"2025-09-15T16:52:25","modified_gmt":"2025-09-15T14:52:25","slug":"accueil","status":"publish","type":"page","link":"https:\/\/www.idpoisson.fr\/ligonniere","title":{"rendered":"Maxime Ligonni\u00e8re"},"content":{"rendered":"<hr \/>\n<p style=\"text-align: center\">[<a href=\"#publis\">Publications<\/a> | <a href=\"#ens\">Enseignement<\/a> | <a href=\"#Exp\">Expos\u00e9s<\/a>]<\/p>\n<hr \/>\n<p>J&rsquo;ai commenc\u00e9 en septembre 2025 un postdoctorat \u00e0 l&rsquo;Institut de Math\u00e9matiques de Toulouse autour des Processus de Hawkes. Ma nouvelle page personnelle \u00e0 jour est <a href=\"https:\/\/mligonni.pages.math.cnrs.fr\/ligonniere\/\">ici<\/a>.<\/p>\n<p>De septembre 2024 \u00e0 ao\u00fbt 2025, j&rsquo;\u00e9tais\u00a0 : <strong>ATER<img loading=\"lazy\" decoding=\"async\" class=\"alignright wp-image-48\" src=\"https:\/\/www.idpoisson.fr\/ligonniere\/wp-content\/uploads\/sites\/61\/2024\/09\/0712-6-1024x768.jpg\" alt=\"\" width=\"500\" height=\"375\" srcset=\"https:\/\/www.idpoisson.fr\/ligonniere\/wp-content\/uploads\/sites\/61\/2024\/09\/0712-6-1024x768.jpg 1024w, https:\/\/www.idpoisson.fr\/ligonniere\/wp-content\/uploads\/sites\/61\/2024\/09\/0712-6-300x225.jpg 300w, https:\/\/www.idpoisson.fr\/ligonniere\/wp-content\/uploads\/sites\/61\/2024\/09\/0712-6-768x576.jpg 768w, https:\/\/www.idpoisson.fr\/ligonniere\/wp-content\/uploads\/sites\/61\/2024\/09\/0712-6-1536x1153.jpg 1536w, https:\/\/www.idpoisson.fr\/ligonniere\/wp-content\/uploads\/sites\/61\/2024\/09\/0712-6-2048x1537.jpg 2048w\" sizes=\"auto, (max-width: 500px) 100vw, 500px\" \/><\/strong><br \/>\n<a href=\"https:\/\/www.idpoisson.fr\">Institut Denis Poisson<\/a> CNRS UMR 7013<br \/>\n<a href=\"http:\/\/www.math.univ-tours.fr\/\">D\u00e9partement de math\u00e9matiques<\/a> de l&rsquo;<a href=\"http:\/\/www.univ-tours.fr\">Universit\u00e9 de Tours<\/a><br \/>\n\u00c9quipe de recherche : <a href=\"\/\/www.idpoisson.fr\/equipe-probabilite-algebre-combinatoire-theorie-ergodique-statistique\/\">SPACE<\/a><\/p>\n<p>J&rsquo;ai soutenu en avril 2025 ma th\u00e8se de doctorat, pr\u00e9par\u00e9e depuis septembre 2021, et encadr\u00e9e par <a href=\"http:\/\/www.cmap.polytechnique.fr\/~bansaye\/index.html\">Vincent Bansaye (CMAP)<\/a> et <a href=\"https:\/\/www.idpoisson.fr\/peigne\/\">Marc Peign\u00e9 (IDP)<\/a>. Mon manuscrit est disponible <a href=\"https:\/\/www.idpoisson.fr\/ligonniere\/wp-content\/uploads\/sites\/61\/2025\/06\/these.pdf\">ici<\/a>.<\/p>\n<p>En plus de mon affiliation \u00e0 l&rsquo;\u00e9quipe Space au sein de l&rsquo;IDP, j&rsquo;\u00e9tais accueilli au<a href=\"https:\/\/cmap.ip-paris.fr\/\" target=\"_blank\" rel=\"noopener\"> Centre de math\u00e9matiques appliqu\u00e9es de Polytechnique (CMAP)<\/a>, au sein des \u00e9quipes <a href=\"https:\/\/cmap.ip-paris.fr\/recherche\/probabilite\/peips\" target=\"_blank\" rel=\"noopener\">PEIPS<\/a> et <a href=\"https:\/\/cmap.ip-paris.fr\/recherche\/probabilite\/merge\" target=\"_blank\" rel=\"noopener\">Merge<\/a>. Je fais \u00e9galement partie de la <a href=\"http:\/\/www.cmap.polytechnique.fr\/chaire-mmb\/programme.html\" target=\"_blank\" rel=\"noopener\">chaire MMB,<\/a> support\u00e9e par Veolia, le Mus\u00e9um National d&rsquo;Histoire Naturelle, l&rsquo;Ecole Polytechnique et la fondation de l&rsquo;Ecole Polytechnique.<\/p>\n<p><strong>Contact<\/strong><br \/>\nEmail \u00e0 jour : prenom.nom[at]math.univ-toulouse.fr<\/p>\n<p><strong>ID Orcid : <\/strong>0009-0006-4377-3769<\/p>\n<hr \/>\n<h3 id=\"publis\">Publications<\/h3>\n<ul>\n<li><strong><a href=\"https:\/\/arxiv.org\/abs\/2411.09629\" target=\"_blank\" rel=\"noopener\">A Kesten Stigum theorem for Galton-Watson processes with infinitely many types in a random environment<\/a><\/strong><br \/>\n<em>Preprint, submitted to Journal of Theoretical Probability<\/em>\u00a0(2024)<\/li>\n<li><a href=\"https:\/\/hal.science\/hal-04355849\"><strong>On the contraction properties of a pseudo-Hilbert projective metric<\/strong><\/a><br \/>\n<em>Preprint<\/em> (2023)<\/li>\n<li><a href=\"https:\/\/alea.impa.br\/articles\/v22\/22-03.pdf\"><strong>Ergodic behavior of products of random positive operators<\/strong><\/a><br \/>\n<em>Published in ALEA (2025), DOI : <a href=\"https:\/\/doi.org\/10.30757\/ALEA.v22-03\">https:\/\/doi.org\/10.30757\/ALEA.v22-03<\/a><br \/>\n<\/em><\/li>\n<\/ul>\n<hr \/>\n<h3 id=\"ens\">Enseignements<\/h3>\n<ul>\n<li><strong>2024-2025 :<\/strong>\n<ul>\n<li>TD Alg\u00e8bre S3, L2 Maths, Univ Tours<\/li>\n<li>TD Analyse S3, L2 Maths, Univ Tours<\/li>\n<li>Responsable du cours de Statistiques, M1 Data Science, Antenne de Blois de l&rsquo;Universit\u00e9 de Tours<\/li>\n<li>TD Analyse S2, L1 Maths, Univ Tours<\/li>\n<li>TD Fonction de R^n, L2 Maths, Univ Tours<\/li>\n<li>TP Mod\u00e9lisation, L2 Maths, Univ Tours<\/li>\n<\/ul>\n<\/li>\n<\/ul>\n<ul>\n<li><strong>2021-2024 :<\/strong>\n<ul>\n<li>TD Raisonnement, L1 Maths, Univ Tours<\/li>\n<li>TD Probabilit\u00e9s discr\u00e8tes, L2 Maths, Univ Tours<\/li>\n<li>TD-TP Statistiques, L1 Sciences de la Vie, Univ Tours<\/li>\n<\/ul>\n<\/li>\n<li><strong>2017-2021 :<\/strong>\n<ul>\n<li>Interrogations en CPGE MPSI, MP*, Lyc\u00e9e Pasteur, Neuilly.<\/li>\n<\/ul>\n<\/li>\n<\/ul>\n<hr \/>\n<h3 id=\"ens\">Expos\u00e9s :<\/h3>\n<ul>\n<li style=\"list-style-type: none\">\n<ul>\n<li>Ecole de Printemps de la chaire MMB, Aussois, juin 2023<\/li>\n<li>Journ\u00e9es de Probabilit\u00e9s, Angers, juin 2023<\/li>\n<li>Journ\u00e9es des non permanents de l&rsquo;IDP, Courcimont, juin 2023<\/li>\n<li>S\u00e9minaire de Probabilit\u00e9s et Statistiques du LAMA, Marne la Vall\u00e9e, Octobre 2023<\/li>\n<li>S\u00e9minaire de Probabilit\u00e9s de l&rsquo;Institut Fourier, Grenoble, Novembre 2023<\/li>\n<li>Workshop de l\u2019ANR RAWABRANCH, Angers, Mars 2024<\/li>\n<li>S\u00e9minaire de probabilit\u00e9s du LMBA, Brest, Avril 2024<\/li>\n<li>S\u00e9minaire de Probabilit\u00e9s du Vendredi, LPSM, Sorbonne universit\u00e9, Paris, Mai 2024<\/li>\n<li>Workshop Produits de matrices et branchement, ESAIP, Angers, juin 2024<\/li>\n<li>Workshop on branching processes and products of random matrices, LMBA, UBS, Vannes, juillet 2024<\/li>\n<\/ul>\n<\/li>\n<\/ul>\n<hr \/>\n<h3><strong>Financements :<br \/>\n<\/strong><\/h3>\n<p>Pendant ma th\u00e8se et mon ATER, j&rsquo;ai re\u00e7u le soutien des projets suivants :<\/p>\n<ul>\n<li>Chaire \u00ab\u00a0Mod\u00e9lisation Math\u00e9matique et Biodiversit\u00e9\u00a0\u00bb, VEOLIA-Ecole Polytechnique-MnHn-FX,<\/li>\n<li>Projets ANR\n<ul>\n<li>NOLO (ANR 20-CE40-0015)<\/li>\n<li>RAWABRANCH (ANR-23-CE40-0008)<\/li>\n<\/ul>\n<\/li>\n<\/ul>\n<p>.<\/p>\n","protected":false},"excerpt":{"rendered":"<p>[Publications | Enseignement | Expos\u00e9s] J&rsquo;ai commenc\u00e9 en septembre 2025 un postdoctorat \u00e0 l&rsquo;Institut de Math\u00e9matiques de Toulouse autour des &hellip; <a href=\"https:\/\/www.idpoisson.fr\/ligonniere\/\" class=\"more-link\">Plus <span class=\"screen-reader-text\">Maxime Ligonni\u00e8re<\/span> <span class=\"meta-nav\">&rarr;<\/span><\/a><\/p>\n","protected":false},"author":3,"featured_media":0,"parent":0,"menu_order":0,"comment_status":"closed","ping_status":"open","template":"","meta":{"footnotes":""},"folder":[],"class_list":["post-2","page","type-page","status-publish","hentry"],"_links":{"self":[{"href":"https:\/\/www.idpoisson.fr\/ligonniere\/wp-json\/wp\/v2\/pages\/2","targetHints":{"allow":["GET"]}}],"collection":[{"href":"https:\/\/www.idpoisson.fr\/ligonniere\/wp-json\/wp\/v2\/pages"}],"about":[{"href":"https:\/\/www.idpoisson.fr\/ligonniere\/wp-json\/wp\/v2\/types\/page"}],"author":[{"embeddable":true,"href":"https:\/\/www.idpoisson.fr\/ligonniere\/wp-json\/wp\/v2\/users\/3"}],"replies":[{"embeddable":true,"href":"https:\/\/www.idpoisson.fr\/ligonniere\/wp-json\/wp\/v2\/comments?post=2"}],"version-history":[{"count":40,"href":"https:\/\/www.idpoisson.fr\/ligonniere\/wp-json\/wp\/v2\/pages\/2\/revisions"}],"predecessor-version":[{"id":77,"href":"https:\/\/www.idpoisson.fr\/ligonniere\/wp-json\/wp\/v2\/pages\/2\/revisions\/77"}],"wp:attachment":[{"href":"https:\/\/www.idpoisson.fr\/ligonniere\/wp-json\/wp\/v2\/media?parent=2"}],"wp:term":[{"taxonomy":"folder","embeddable":true,"href":"https:\/\/www.idpoisson.fr\/ligonniere\/wp-json\/wp\/v2\/folder?post=2"}],"curies":[{"name":"wp","href":"https:\/\/api.w.org\/{rel}","templated":true}]}}