{"id":44,"date":"2018-12-26T23:18:50","date_gmt":"2018-12-26T22:18:50","guid":{"rendered":"https:\/\/www.idpoisson.fr\/lucas\/?page_id=44"},"modified":"2024-07-07T15:46:53","modified_gmt":"2024-07-07T13:46:53","slug":"index","status":"publish","type":"page","link":"https:\/\/www.idpoisson.fr\/lucas","title":{"rendered":"Accueil"},"content":{"rendered":"\n<p><\/p>\n\n\n\n<p><span style=\"font-size: large\">Ma\u00eetre de Conf\u00e9rences HDR en Math\u00e9matiques Appliqu\u00e9es \u00e0 l&rsquo;<a href=\"http:\/\/www.univ-orleans.fr\/\">Universit\u00e9 d&rsquo;Orl\u00e9ans<\/a>. <\/span><p>\n<figure id=\"attachment_94\" style=\"width: 212px\"  class=\"wp-caption alignright\"><a href=\"https:\/\/www.idpoisson.fr\/lucas\/wp-content\/uploads\/sites\/33\/2024\/07\/carine_LUCAS_Valide-scaled.jpg\" target=\"_blank\" rel=\"noopener noreferrer\"><img decoding=\"async\" class=\"wp-image-94 size-medium\" src=\"https:\/\/www.idpoisson.fr\/lucas\/wp-content\/uploads\/sites\/33\/2024\/07\/carine_LUCAS_Valide-scaled.jpg\" alt=\"http:\/\/sorciersdesalem.math.cnrs.fr\/Posters\/posters.html\" width=\"212\"><\/a><figcaption class=\"wp-caption-text\">&nbsp;<\/figcaption><\/figure>\n<p><span style=\"font-size: large\"><a href=\"https:\/\/www.idpoisson.fr\">Institut Denis Poisson<\/a> (UMR 7013)<br>Universit\u00e9 d&rsquo;Orl\u00e9ans, UFR Sciences &#038; Techniques<br>B\u00e2timent de math\u00e9matiques &#8211; Route de Chartres<br>B.P. 6759 &#8211; 45067 Orl\u00e9ans cedex 2<br>FRANCE<\/span><\/p>\n<p>Bureau E16<\/p>\n<p><i><b>tel :<\/b><\/i> (33) 2 38 41 72 03<br><i><b>e-mail :<\/b><\/i> Carine.Lucas<i> [ at ] <\/i>univ-orleans.fr<br><br><\/p>\n","protected":false},"excerpt":{"rendered":"<p>Ma\u00eetre de Conf\u00e9rences HDR en Math\u00e9matiques Appliqu\u00e9es \u00e0 l&rsquo;Universit\u00e9 d&rsquo;Orl\u00e9ans. Institut Denis Poisson (UMR 7013)Universit\u00e9 d&rsquo;Orl\u00e9ans, UFR Sciences &#038; TechniquesB\u00e2timent &hellip; <a href=\"https:\/\/www.idpoisson.fr\/lucas\/\" class=\"more-link\">Plus <span class=\"screen-reader-text\">Accueil<\/span> <span class=\"meta-nav\">&rarr;<\/span><\/a><\/p>\n","protected":false},"author":9,"featured_media":0,"parent":0,"menu_order":0,"comment_status":"closed","ping_status":"closed","template":"","meta":{"footnotes":""},"folder":[6],"class_list":["post-44","page","type-page","status-publish","hentry"],"_links":{"self":[{"href":"https:\/\/www.idpoisson.fr\/lucas\/wp-json\/wp\/v2\/pages\/44","targetHints":{"allow":["GET"]}}],"collection":[{"href":"https:\/\/www.idpoisson.fr\/lucas\/wp-json\/wp\/v2\/pages"}],"about":[{"href":"https:\/\/www.idpoisson.fr\/lucas\/wp-json\/wp\/v2\/types\/page"}],"author":[{"embeddable":true,"href":"https:\/\/www.idpoisson.fr\/lucas\/wp-json\/wp\/v2\/users\/9"}],"replies":[{"embeddable":true,"href":"https:\/\/www.idpoisson.fr\/lucas\/wp-json\/wp\/v2\/comments?post=44"}],"version-history":[{"count":31,"href":"https:\/\/www.idpoisson.fr\/lucas\/wp-json\/wp\/v2\/pages\/44\/revisions"}],"predecessor-version":[{"id":939,"href":"https:\/\/www.idpoisson.fr\/lucas\/wp-json\/wp\/v2\/pages\/44\/revisions\/939"}],"wp:attachment":[{"href":"https:\/\/www.idpoisson.fr\/lucas\/wp-json\/wp\/v2\/media?parent=44"}],"wp:term":[{"taxonomy":"folder","embeddable":true,"href":"https:\/\/www.idpoisson.fr\/lucas\/wp-json\/wp\/v2\/folder?post=44"}],"curies":[{"name":"wp","href":"https:\/\/api.w.org\/{rel}","templated":true}]}}