{"id":2,"date":"2018-02-13T09:06:15","date_gmt":"2018-02-13T08:06:15","guid":{"rendered":"https:\/\/www.idpoisson.fr\/mgrillot\/?page_id=2"},"modified":"2019-02-27T11:28:41","modified_gmt":"2019-02-27T10:28:41","slug":"accueil","status":"publish","type":"page","link":"https:\/\/www.idpoisson.fr\/mgrillot","title":{"rendered":"Accueil"},"content":{"rendered":"<hr \/>\n<p>Ma\u00eetre de conf\u00e9rences<br \/>\n<a href=\"https:\/\/www.idpoisson.fr\">Institut Denis Poisson<\/a> CNRS UMR 7013<br \/>\n<a href=\"http:\/\/www.univ-orleans.fr\/sciences-techniques\/maths\">P\u00f4le math\u00e9matiques<\/a> de l&rsquo;<a href=\"http:\/\/www.univ-orleans.fr\/\">Universit\u00e9 d&rsquo;Orl\u00e9ans<\/a><br \/>\n\u00c9quipe de recherche : <a href=\"https:\/\/www.idpoisson.fr\/equipe-edp-modelisation-simulation\/\">EMS<\/a><\/p>\n<p><strong>Contact<\/strong><br \/>\nBureau : B2<img loading=\"lazy\" decoding=\"async\" class=\"wp-image-121 alignright\" src=\"https:\/\/www.idpoisson.fr\/mgrillot\/wp-content\/uploads\/sites\/19\/2019\/02\/Capture-d\u2019e\u0301cran-2019-02-07-a\u0300-22.26.04-215x300.png\" alt=\"\" width=\"198\" height=\"276\" srcset=\"https:\/\/www.idpoisson.fr\/mgrillot\/wp-content\/uploads\/sites\/19\/2019\/02\/Capture-d\u2019e\u0301cran-2019-02-07-a\u0300-22.26.04-215x300.png 215w, https:\/\/www.idpoisson.fr\/mgrillot\/wp-content\/uploads\/sites\/19\/2019\/02\/Capture-d\u2019e\u0301cran-2019-02-07-a\u0300-22.26.04.png 538w\" sizes=\"auto, (max-width: 198px) 100vw, 198px\" \/><br \/>\nT\u00e9l\u00e9phone : (33)-2-38-49-48-92<br \/>\nEmail : michele.grillot@univ-orleans.fr<\/p>\n<p><strong>Adresse postale<\/strong><br \/>\nInstitut Denis Poisson<br \/>\nUniversit\u00e9 d\u2019Orl\u00e9ans<br \/>\nCollegium Sciences et Techniques<br \/>\nB\u00e2timent de math\u00e9matiques<br \/>\nRue de Chartres<br \/>\nB.P. 6759<br \/>\n45067 Orl\u00e9ans cedex 2 FRANCE<\/p>\n<hr \/>\n","protected":false},"excerpt":{"rendered":"<p>Ma\u00eetre de conf\u00e9rences Institut Denis Poisson CNRS UMR 7013 P\u00f4le math\u00e9matiques de l&rsquo;Universit\u00e9 d&rsquo;Orl\u00e9ans \u00c9quipe de recherche : EMS Contact &hellip; <a href=\"https:\/\/www.idpoisson.fr\/mgrillot\/\" class=\"more-link\">Plus <span class=\"screen-reader-text\">Accueil<\/span> <span class=\"meta-nav\">&rarr;<\/span><\/a><\/p>\n","protected":false},"author":3,"featured_media":0,"parent":0,"menu_order":0,"comment_status":"closed","ping_status":"open","template":"","meta":{"footnotes":""},"folder":[],"class_list":["post-2","page","type-page","status-publish","hentry"],"_links":{"self":[{"href":"https:\/\/www.idpoisson.fr\/mgrillot\/wp-json\/wp\/v2\/pages\/2","targetHints":{"allow":["GET"]}}],"collection":[{"href":"https:\/\/www.idpoisson.fr\/mgrillot\/wp-json\/wp\/v2\/pages"}],"about":[{"href":"https:\/\/www.idpoisson.fr\/mgrillot\/wp-json\/wp\/v2\/types\/page"}],"author":[{"embeddable":true,"href":"https:\/\/www.idpoisson.fr\/mgrillot\/wp-json\/wp\/v2\/users\/3"}],"replies":[{"embeddable":true,"href":"https:\/\/www.idpoisson.fr\/mgrillot\/wp-json\/wp\/v2\/comments?post=2"}],"version-history":[{"count":24,"href":"https:\/\/www.idpoisson.fr\/mgrillot\/wp-json\/wp\/v2\/pages\/2\/revisions"}],"predecessor-version":[{"id":128,"href":"https:\/\/www.idpoisson.fr\/mgrillot\/wp-json\/wp\/v2\/pages\/2\/revisions\/128"}],"wp:attachment":[{"href":"https:\/\/www.idpoisson.fr\/mgrillot\/wp-json\/wp\/v2\/media?parent=2"}],"wp:term":[{"taxonomy":"folder","embeddable":true,"href":"https:\/\/www.idpoisson.fr\/mgrillot\/wp-json\/wp\/v2\/folder?post=2"}],"curies":[{"name":"wp","href":"https:\/\/api.w.org\/{rel}","templated":true}]}}