{"id":48,"date":"2019-02-13T10:34:54","date_gmt":"2019-02-13T09:34:54","guid":{"rendered":"https:\/\/www.idpoisson.fr\/mgrillot\/?page_id=48"},"modified":"2019-02-26T13:18:04","modified_gmt":"2019-02-26T12:18:04","slug":"responsabilites-admi","status":"publish","type":"page","link":"https:\/\/www.idpoisson.fr\/mgrillot\/responsabilites-admi\/","title":{"rendered":"Responsabilit\u00e9s collectives"},"content":{"rendered":"\n<p class=\"has-text-color has-background has-medium-font-size has-vivid-cyan-blue-color has-very-light-gray-background-color\">Directions<\/p>\n\n\n\n<ul class=\"wp-block-list\"><li> 2016- : responsable du p\u00f4le math\u00e9matiques de l&rsquo;<a href=\"http:\/\/www.univ-orleans.fr\/sciences-techniques\">UFR sciences et techniques<\/a>;<\/li><li>  2012-2015 : coordinatrice puis directrice de la <a href=\"https:\/\/www.idpoisson.fr\/mgrillot\/maison-pour-la-science-centre-val-de-loire\/\">Maison pour la science Centre-Val de Loire<\/a>;<\/li><li>  2010-2014 : directrice de l&rsquo;IRES d&rsquo;Orl\u00e9ans-Tours;<\/li><li>  2010-2013 : directrice de l&rsquo;IREM d&rsquo;Orl\u00e9ans-Tours;<\/li><li>  1998-2002 : directrice du d\u00e9partement de math\u00e9matiques de l&rsquo;I.U.F.M. d&rsquo;Orl\u00e9ans-Tours.<\/li><li><\/li><\/ul>\n\n\n\n<p class=\"has-text-color has-background has-medium-font-size has-vivid-cyan-blue-color has-very-light-gray-background-color\">Membre de &#8230;<\/p>\n\n\n\n<p class=\"has-medium-font-size\">Localement<\/p>\n\n\n\n<ul class=\"wp-block-list\"><li> 2016- : membre (en tant que responsable du p\u00f4le math\u00e9matiques) du conseil du laboratoire MAPMO puis de l&rsquo;Institut Denis Poisson;<\/li><\/ul>\n\n\n\n<ul class=\"wp-block-list\"><li>  2017- : membre (en tant que responsable du p\u00f4le math\u00e9matiques) du comit\u00e9 d&rsquo;experts disciplinaires 25\/26 de l&rsquo;Universit\u00e9 d&rsquo;Orl\u00e9ans;<\/li><\/ul>\n\n\n\n<ul class=\"wp-block-list\"><li>  2016 : membre du comit\u00e9 de s\u00e9lection pour le poste MCF 26 analyse de l&rsquo;Universit\u00e9 d&rsquo;Orl\u00e9ans;<\/li><\/ul>\n\n\n\n<ul class=\"wp-block-list\"><li>  2013-2016 : membre du Conseil d&rsquo;\u00e9cole de l&rsquo;ESPE Centre-Val de Loire;<\/li><\/ul>\n\n\n\n<ul class=\"wp-block-list\"><li>  2012-2015 et 2017-2018 : membre du conseil de la F\u00e9d\u00e9ration Denis Poisson;<\/li><\/ul>\n\n\n\n<ul class=\"wp-block-list\"><li> 1999-2003 et 2007-2010 : membre de la commission de sp\u00e9cialistes 25-26 de l&rsquo;Universit\u00e9 de Tours;<\/li><\/ul>\n\n\n\n<ul class=\"wp-block-list\"><li>  2001-2007 : membre de la commission de sp\u00e9cialistes 25-26 de l&rsquo;Universit\u00e9 d&rsquo;Orl\u00e9ans;<\/li><\/ul>\n\n\n\n<ul class=\"wp-block-list\"><li>  2000-2007 : membre de la commission de sp\u00e9cialistes de l&rsquo;IUFM d&rsquo;Orl\u00e9ans-Tours.<\/li><\/ul>\n\n\n\n<p class=\"has-medium-font-size\">Nationalement<\/p>\n\n\n\n<ul class=\"wp-block-list\"><li> 2010-2014, 2016- : membre du jury du CAPES de math\u00e9matiques;<\/li><li>  2009-2011 : membre du groupe d&rsquo;experts des programmes de math\u00e9matiques des classes de premiere et de terminale des s\u00e9ries S, ES et L.<\/li><li>  2006-2009 : membre du jury de l&rsquo;agr\u00e9gation interne de math\u00e9matiques.<\/li><\/ul>\n","protected":false},"excerpt":{"rendered":"<p>Directions 2016- : responsable du p\u00f4le math\u00e9matiques de l&rsquo;UFR sciences et techniques; 2012-2015 : coordinatrice puis directrice de la Maison &hellip; <a href=\"https:\/\/www.idpoisson.fr\/mgrillot\/responsabilites-admi\/\" class=\"more-link\">Plus <span class=\"screen-reader-text\">Responsabilit\u00e9s collectives<\/span> <span class=\"meta-nav\">&rarr;<\/span><\/a><\/p>\n","protected":false},"author":30,"featured_media":0,"parent":0,"menu_order":0,"comment_status":"closed","ping_status":"closed","template":"","meta":{"footnotes":""},"folder":[],"class_list":["post-48","page","type-page","status-publish","hentry"],"_links":{"self":[{"href":"https:\/\/www.idpoisson.fr\/mgrillot\/wp-json\/wp\/v2\/pages\/48","targetHints":{"allow":["GET"]}}],"collection":[{"href":"https:\/\/www.idpoisson.fr\/mgrillot\/wp-json\/wp\/v2\/pages"}],"about":[{"href":"https:\/\/www.idpoisson.fr\/mgrillot\/wp-json\/wp\/v2\/types\/page"}],"author":[{"embeddable":true,"href":"https:\/\/www.idpoisson.fr\/mgrillot\/wp-json\/wp\/v2\/users\/30"}],"replies":[{"embeddable":true,"href":"https:\/\/www.idpoisson.fr\/mgrillot\/wp-json\/wp\/v2\/comments?post=48"}],"version-history":[{"count":6,"href":"https:\/\/www.idpoisson.fr\/mgrillot\/wp-json\/wp\/v2\/pages\/48\/revisions"}],"predecessor-version":[{"id":108,"href":"https:\/\/www.idpoisson.fr\/mgrillot\/wp-json\/wp\/v2\/pages\/48\/revisions\/108"}],"wp:attachment":[{"href":"https:\/\/www.idpoisson.fr\/mgrillot\/wp-json\/wp\/v2\/media?parent=48"}],"wp:term":[{"taxonomy":"folder","embeddable":true,"href":"https:\/\/www.idpoisson.fr\/mgrillot\/wp-json\/wp\/v2\/folder?post=48"}],"curies":[{"name":"wp","href":"https:\/\/api.w.org\/{rel}","templated":true}]}}