{"id":2,"date":"2018-02-08T16:06:15","date_gmt":"2018-02-08T15:06:15","guid":{"rendered":"https:\/\/www.idpoisson.fr\/molinet\/?page_id=2"},"modified":"2019-06-07T15:08:20","modified_gmt":"2019-06-07T13:08:20","slug":"accueil","status":"publish","type":"page","link":"https:\/\/www.idpoisson.fr\/molinet","title":{"rendered":"Page d&rsquo;accueil"},"content":{"rendered":"<hr>\n<p style=\"text-align: center\">[<a href=\"#research\">Recherche<\/a> | <a href=\"#publis\">Publications<\/a> | <a href=\"#ens\">Enseignement<\/a>]<\/p>\n<hr>\n<p><a href=\"https:\/\/www.idpoisson.fr\">Institut Denis Poisson<\/a> CNRS UMR 7013<br \/>\n<a href=\"http:\/\/www.math.univ-tours.fr\/\">D\u00e9partement de math\u00e9matiques<\/a> de l&rsquo;<a href=\"http:\/\/www.univ-tours.fr\">Universit\u00e9 de Tours<\/a><br \/>\n\u00c9quipe de recherche : <a href=\"https:\/\/www.idpoisson.fr\/equipe-edp-modelisation-simulation\/\">EMS<\/a><\/p>\n<p><strong>Contact<\/strong><br \/>\nBureau : E2-2190<br \/>\nT\u00e9l\u00e9phone : (33)-2-47-36-74-21<br \/>\nEmail : luc.molinet@univ-tours.fr<br \/>\n<strong>Adresse postale<\/strong><br \/>\nInstitut Denis Poisson<br \/>\nUniversit\u00e9 de Tours<br \/>\nParc de Grandmont<br \/>\n37200 Tours, France<\/p>\n<hr>\n<h3 id=\"research\">Research Interests : Analysis of PDE&rsquo;s<\/h3>\n<ul>\n<li>Wellposedness theory for dispersive PDE&rsquo;s<\/li>\n<li>Dispersive limits<\/li>\n<li>Stability and asymptotic stability of solitary waves<\/li>\n<li>Camassa-Holm equation<\/li>\n<li>Viscoelastic fluid flows<\/li>\n<\/ul>\n<hr>\n<h3 id=\"publis\">Some Recent Publications<\/h3>\n<p><!--more--><\/p>\n<ul>\n<li>(with A. Kabakouala) <em>On the stability of the solitary waves to the (generalized) Kawahara equation<\/em>, J. Math. Anal. Appl. 457 (2018), no. 1, 478-497.<\/li>\n<li><em>A Liouville property with application to asymptotic stability for the Camassa-Holm equation<\/em>, Arch. Ration. Mech. Anal. 230 (2018), no. 1, 185-230.<\/li>\n<li>(with D. Pilod and S. Vento) <em>On well-posedness for some dispersive perturbations of Burgers&rsquo; equation<\/em>, Ann. I. H. Poincar\u00e9 Anal. Non Lin\u00e9aire 35 (2018), 1719-1756.<\/li>\n<li>(with D. Pilod and S. Vento) <em>Unconditional uniqueness for the modified Korteweg-de Vries equation on the line<\/em>, Rev. Math. Iber. 34 (2018), 1563-1608.<\/li>\n<li>(with Z. Guo, X. Liu, L. Molinet and Z. Yin) <em>ll-posedness of the Camassa-Holm and related equations in the critical space<\/em>, , J. Differ. Equ. 266 (2019) , 2-3, pp. 1698-1707.<\/li>\n<li>(with D. Pilod and S. Vento) <em>On unconditional well-posedness for the periodic modified Korteweg-de Vries equation<\/em>, J. Math. Soc. Japan 71 (2019), 147-201.<\/li>\n<li>(with &nbsp; M. Darwich and N. Kishimoto), <em>Dispersive limits for some perturbations of the NLS equation<\/em>, Monatsh Math 188&nbsp; (2019), 1629-651.<\/li>\n<\/ul>\n<hr>\n<p><!--more--><\/p>\n<h4 id=\"ens\">Teaching<\/h4>\n<ul>\n<li>Lecture on Compex Analysis<\/li>\n<\/ul>\n","protected":false},"excerpt":{"rendered":"<p>[Recherche | Publications | Enseignement] Institut Denis Poisson CNRS UMR 7013 D\u00e9partement de math\u00e9matiques de l&rsquo;Universit\u00e9 de Tours \u00c9quipe de &hellip; <a href=\"https:\/\/www.idpoisson.fr\/molinet\/\" class=\"more-link\">Plus <span class=\"screen-reader-text\">Page d&rsquo;accueil<\/span> <span class=\"meta-nav\">&rarr;<\/span><\/a><\/p>\n","protected":false},"author":46,"featured_media":0,"parent":0,"menu_order":0,"comment_status":"closed","ping_status":"closed","template":"","meta":{"footnotes":""},"folder":[],"class_list":["post-2","page","type-page","status-publish","hentry"],"_links":{"self":[{"href":"https:\/\/www.idpoisson.fr\/molinet\/wp-json\/wp\/v2\/pages\/2","targetHints":{"allow":["GET"]}}],"collection":[{"href":"https:\/\/www.idpoisson.fr\/molinet\/wp-json\/wp\/v2\/pages"}],"about":[{"href":"https:\/\/www.idpoisson.fr\/molinet\/wp-json\/wp\/v2\/types\/page"}],"author":[{"embeddable":true,"href":"https:\/\/www.idpoisson.fr\/molinet\/wp-json\/wp\/v2\/users\/46"}],"replies":[{"embeddable":true,"href":"https:\/\/www.idpoisson.fr\/molinet\/wp-json\/wp\/v2\/comments?post=2"}],"version-history":[{"count":60,"href":"https:\/\/www.idpoisson.fr\/molinet\/wp-json\/wp\/v2\/pages\/2\/revisions"}],"predecessor-version":[{"id":108,"href":"https:\/\/www.idpoisson.fr\/molinet\/wp-json\/wp\/v2\/pages\/2\/revisions\/108"}],"wp:attachment":[{"href":"https:\/\/www.idpoisson.fr\/molinet\/wp-json\/wp\/v2\/media?parent=2"}],"wp:term":[{"taxonomy":"folder","embeddable":true,"href":"https:\/\/www.idpoisson.fr\/molinet\/wp-json\/wp\/v2\/folder?post=2"}],"curies":[{"name":"wp","href":"https:\/\/api.w.org\/{rel}","templated":true}]}}