{"id":2,"date":"2018-02-08T16:06:15","date_gmt":"2018-02-08T15:06:15","guid":{"rendered":"https:\/\/www.idpoisson.fr\/zani\/?page_id=2"},"modified":"2021-09-01T14:20:17","modified_gmt":"2021-09-01T12:20:17","slug":"accueil","status":"publish","type":"page","link":"https:\/\/www.idpoisson.fr\/zani","title":{"rendered":"Accueil"},"content":{"rendered":"<p><img loading=\"lazy\" decoding=\"async\" class=\"alignnone  wp-image-55\" src=\"https:\/\/www.idpoisson.fr\/zani\/wp-content\/uploads\/sites\/37\/2019\/02\/IMG_1532-225x300.jpg\" alt=\"\" width=\"151\" height=\"201\" srcset=\"https:\/\/www.idpoisson.fr\/zani\/wp-content\/uploads\/sites\/37\/2019\/02\/IMG_1532-225x300.jpg 225w, https:\/\/www.idpoisson.fr\/zani\/wp-content\/uploads\/sites\/37\/2019\/02\/IMG_1532-768x1024.jpg 768w\" sizes=\"auto, (max-width: 151px) 100vw, 151px\" \/><\/p>\n<hr \/>\n<p style=\"text-align: center\">[<a href=\"#publis\">Recherche<\/a> | <a href=\"#ens\">Enseignement<\/a>]<\/p>\n<hr \/>\n<p>Professeure en math\u00e9matiques<br \/>\n<a href=\"https:\/\/www.idpoisson.fr\">Institut Denis Poisson<\/a> CNRS UMR 7013<br \/>\n<a href=\"http:\/\/www.math.univ-tours.fr\/\">D\u00e9partement de math\u00e9matiques<\/a> de l&rsquo;<a href=\"https:\/\/www.univ-orleans.fr\/\">Universit\u00e9 d&rsquo;Orl\u00e9ans<\/a><br \/>\n\u00c9quipe de recherche : <a href=\"\/\/www.idpoisson.fr\/equipe-probabilite-algebre-combinatoire-theorie-ergodique-statistique\/\">SPACE<\/a><\/p>\n<p><strong>Contact<\/strong><br \/>\nBureau :<br \/>\nT\u00e9l\u00e9phone : +33(0) 2 38 49 48 97<br \/>\nEmail : marguerite.zani@univ-orleans.fr<br \/>\n<strong>Adresse postale<\/strong><br \/>\nB\u00e2timent de Math\u00e9matiques &#8211; rue de Chartres,<br \/>\nUniversit\u00e9 d&rsquo;Orl\u00e9ans, BP 6759 &#8211; 45067 Orl\u00e9ans Cedex 2, France.<\/p>\n<h3 id=\"publis\">Manifestations<\/h3>\n<ul>\n<li>Workshop <a href=\"https:\/\/ibcparis2019.sciencesconf.org\/\">IBC 15-16 avril 2019<\/a>, IHP<\/li>\n<li>Journ\u00e9es <a href=\"https:\/\/mas2020.sciencesconf.org\/\">MAS 2020<\/a>, Universit\u00e9 d&rsquo;Orl\u00e9ans<\/li>\n<\/ul>\n<hr \/>\n<h3 id=\"publis\">Recherche<\/h3>\n<p>Th\u00e8me de recherche: grandes d\u00e9viations, complexit\u00e9, grandes matrices al\u00e9atoires<\/p>\n<p>Publications: voir<a href=\"https:\/\/hal.archives-ouvertes.fr\/search\/index\/?q=%2A&#038;authFullName_s=Marguerite+Zani\"> HAL<\/a>, <a href=\"https:\/\/zbmath-org.ezproxy.math.cnrs.fr\">Zentralblatt<\/a><\/p>\n<hr \/>\n<h3 id=\"ens\">Enseignements<\/h3>\n<ul>\n<li>Fouilles de Donn\u00e9es 2 , M2<\/li>\n<li>Statistiques Math\u00e9matiques, M1<\/li>\n<\/ul>\n","protected":false},"excerpt":{"rendered":"<p>[Recherche | Enseignement] Professeure en math\u00e9matiques Institut Denis Poisson CNRS UMR 7013 D\u00e9partement de math\u00e9matiques de l&rsquo;Universit\u00e9 d&rsquo;Orl\u00e9ans \u00c9quipe de &hellip; <a href=\"https:\/\/www.idpoisson.fr\/zani\/\" class=\"more-link\">Plus <span class=\"screen-reader-text\">Accueil<\/span> <span class=\"meta-nav\">&rarr;<\/span><\/a><\/p>\n","protected":false},"author":3,"featured_media":0,"parent":0,"menu_order":0,"comment_status":"closed","ping_status":"open","template":"","meta":{"footnotes":""},"folder":[],"class_list":["post-2","page","type-page","status-publish","hentry"],"_links":{"self":[{"href":"https:\/\/www.idpoisson.fr\/zani\/wp-json\/wp\/v2\/pages\/2","targetHints":{"allow":["GET"]}}],"collection":[{"href":"https:\/\/www.idpoisson.fr\/zani\/wp-json\/wp\/v2\/pages"}],"about":[{"href":"https:\/\/www.idpoisson.fr\/zani\/wp-json\/wp\/v2\/types\/page"}],"author":[{"embeddable":true,"href":"https:\/\/www.idpoisson.fr\/zani\/wp-json\/wp\/v2\/users\/3"}],"replies":[{"embeddable":true,"href":"https:\/\/www.idpoisson.fr\/zani\/wp-json\/wp\/v2\/comments?post=2"}],"version-history":[{"count":5,"href":"https:\/\/www.idpoisson.fr\/zani\/wp-json\/wp\/v2\/pages\/2\/revisions"}],"predecessor-version":[{"id":63,"href":"https:\/\/www.idpoisson.fr\/zani\/wp-json\/wp\/v2\/pages\/2\/revisions\/63"}],"wp:attachment":[{"href":"https:\/\/www.idpoisson.fr\/zani\/wp-json\/wp\/v2\/media?parent=2"}],"wp:term":[{"taxonomy":"folder","embeddable":true,"href":"https:\/\/www.idpoisson.fr\/zani\/wp-json\/wp\/v2\/folder?post=2"}],"curies":[{"name":"wp","href":"https:\/\/api.w.org\/{rel}","templated":true}]}}